 is -9 - -53a?
531
In base 10, what is 10 - 61?
-51
In base 4, what is 30 + 3002?
3032
In base 5, what is -14 - 2110?
-2124
In base 11, what is 9 - -2361?
236a
In base 8, what is -130 + 0?
-130
In base 10, what is 0 + -26?
-26
In base 15, what is -25 - 0?
-25
In base 8, what is 7256 + 2?
7260
In base 4, what is -3322 - -10?
-3312
In base 7, what is -103 + -142?
-245
In base 16, what is 5d8 - -4?
5dc
In base 12, what is -6a + -1?
-6b
In base 15, what is 6 - 4?
2
In base 5, what is -4 - -14?
10
In base 7, what is 5 + -140?
-132
In base 11, what is 141 - -16?
157
In base 14, what is 4 + 1a?
20
In base 6, what is -545 - -5?
-540
In base 12, what is b - -3a?
49
In base 7, what is -3 + 55?
52
In base 5, what is -14042 - 4?
-14101
In base 9, what is 162 + 8?
171
In base 5, what is 10 + -24442?
-24432
In base 12, what is -5bb + 2?
-5b9
In base 16, what is 3c - -41?
7d
In base 3, what is 11111000 - -11?
11111011
In base 4, what is -1223300 + 2?
-1223232
In base 2, what is -100111 - -10010100?
1101101
In base 10, what is -67 + -6?
-73
In base 8, what is -5 - -146?
141
In base 2, what is -110110110010 - -100?
-110110101110
In base 12, what is 4 - -641?
645
In base 7, what is -1 - 3154?
-3155
In base 4, what is -3 - 12?
-21
In base 11, what is -322 - -8?
-315
In base 10, what is -1 - -248?
247
In base 3, what is -100002 - -12?
-22220
In base 13, what is 2 + -3536?
-3534
In base 12, what is -5 - -1540?
1537
In base 3, what is -1 - -1121020?
1121012
In base 2, what is 10110000 + 10?
10110010
In base 6, what is 2 - 15?
-13
In base 2, what is 10100001010 + -101?
10100000101
In base 5, what is 114 - 233?
-114
In base 11, what is 3a - 23?
17
In base 5, what is 11 + 2310?
2321
In base 16, what is 4 - 3ad?
-3a9
In base 7, what is -606 - -24?
-552
In base 16, what is -4d2 + -3?
-4d5
In base 4, what is -331 + -113?
-1110
In base 10, what is -86 - -1?
-85
In base 16, what is -23 - -b?
-18
In base 13, what is c0 + 3?
c3
In base 13, what is 36 + 4?
3a
In base 13, what is -1c63 + 0?
-1c63
In base 14, what is -3a2 + 1?
-3a1
In base 14, what is 1 - 1c1?
-1c0
In base 8, what is 1171 + -5?
1164
In base 3, what is -11001 - 120?
-11121
In base 3, what is -200 + 1000111?
222211
In base 2, what is -11111101 - -110?
-11110111
In base 10, what is 38 - 6?
32
In base 6, what is 5353 - 5?
5344
In base 4, what is -20 - 13?
-33
In base 10, what is 142 + -2?
140
In base 10, what is 31 + -415?
-384
In base 15, what is -447 + 1?
-446
In base 9, what is -6 + -32?
-38
In base 12, what is -16 - 15?
-2b
In base 10, what is 173 - 9?
164
In base 10, what is -99 + 153?
54
In base 8, what is -4 + -72?
-76
In base 2, what is 10 + 10000?
10010
In base 16, what is -14db + 5?
-14d6
In base 10, what is -841 - -1?
-840
In base 10, what is -109 - -50?
-59
In base 16, what is f0 - 0?
f0
In base 13, what is -5 + -16b?
-173
In base 3, what is -20000 + -201?
-20201
In base 13, what is -5 + 1?
-4
In base 2, what is -100 - 111110?
-1000010
In base 15, what is 0 - -b4a?
b4a
In base 3, what is -1220 + 1200?
-20
In base 14, what is -40 + 5?
-39
In base 2, what is 1 + 101111?
110000
In base 9, what is -1 - 25?
-26
In base 15, what is 0 - a4d?
-a4d
In base 15, what is 7 + -8a?
-83
In base 15, what is -96 - 2?
-98
In base 6, what is -2402 + 2?
-2400
In base 12, what is 2 + -940?
-93a
In base 4, what is 102 + -1233?
-1131
In base 6, what is -35 - 32?
-111
In base 13, what is a - 61?
-54
In base 16, what is 0 + 23?
23
In base 10, what is 1735 - -16?
1751
In base 5, what is -22 - 3000?
-3022
In base 9, what is 4 + -2?
2
In base 6, what is -3145 - -5?
-3140
In base 7, what is 0 - -110?
110
In base 11, what is 0 - -2a7?
2a7
In base 5, what is 10 - 244?
-234
In base 10, what is -19 + -26?
-45
In base 2, what is -10 + -11010010101?
-11010010111
In base 8, what is -4 + 210?
204
In base 9, what is 1 + -180?
-178
In base 15, what is -4 + -108?
-10c
In base 4, what is 231 - -3010?
3301
In base 12, what is 2 - 9b1?
-9ab
In base 16, what is -f - -b?
-4
In base 6, what is -234 + 1?
-233
In base 13, what is 2 + -83?
-81
In base 9, what is -713 - 5?
-718
In base 3, what is -211 - -2?
-202
In base 13, what is 227 - -1?
228
In base 4, what is 13202 + -2?
13200
In base 11, what is -14a13 + -5?
-14a18
In base 14, what is -a + 24?
18
In base 14, what is 76 + 1?
77
In base 7, what is -3 + -15?
-21
In base 14, what is -5 - 58?
-5d
In base 8, what is 275 - -13?
310
In base 4, what is -221012 + -1?
-221013
In base 2, what is 10111100 - -11?
10111111
In base 3, what is 12 + -20?
-1
In base 8, what is 4 - -17?
23
In base 13, what is 1 + -6b0?
-6ac
In base 8, what is -1036 - -4?
-1032
In base 13, what is -13 + 0?
-13
In base 15, what is 12 - 8?
9
In base 14, what is -cac + 5?
-ca7
In base 15, what is 3 - -62?
65
In base 7, what is -141 - 12?
-153
In base 4, what is 10 + 301?
311
In base 5, what is 14 + 333?
402
In base 16, what is 5 - 1c3?
-1be
In base 12, what is -5 + -716?
-71b
In base 5, what is -3 + 2324?
2321
In base 4, what is 1030200 + -1?
1030133
In base 3, what is 12101221 + 1?
12101222
In base 3, what is -12 + 220?
201
In base 15, what is 4 - -36?
3a
In base 13, what is 3 + 264?
267
In base 8, what is -66 - 42?
-130
In base 15, what is 4 + 132?
136
In base 11, what is -7 - 68?
-74
In base 14, what is -5 - -6?
1
In base 14, what is -4c + 38?
-14
In base 13, what is 238 + 0?
238
In base 4, what is -10 + -100110?
-100120
In base 7, what is -3415 + -22?
-3440
In base 4, what is 1 - 32311?
-32310
In base 12, what is 32b7 + 1?
32b8
In base 8, what is 122 + -1?
121
In base 13, what is 44 - 2?
42
In base 7, what is 2 - -213?
215
In base 16, what is -a7 - 5?
-ac
In base 11, what is -4 - -3469?
3465
In base 14, what is -3 - 4?
-7
In base 5, what is 2 - -12434?
12441
In base 10, what is 8556 + -5?
8551
In base 5, what is 23222 + -1?
23221
In base 11, what is -19 - -107?
99
In base 15, what is -4ea6 - 1?
-4ea7
In base 13, what is 51 + -3?
4b
In base 2, what is -110000 + -101000?
-1011000
In base 8, what is 13 - -44?
57
In base 12, what is 4a + 47?
95
In base 3, what is -2001 - 1011?
-10012
In base 12, what is 1 - 1077?
-1076
In base 15, what is -e12 - 5?
-e17
In base 2, what is -11 + -11100000010?
-11100000101
In base 16, what is -416 + 5?
-411
In base 13, what is -7 - 146?
-150
In base 16, what is -5 + 1a?
15
In base 8, what is -4353 - 3?
-4356
In base 12, what is 0 + -46b?
-46b
In base 13, what is -36 - -5a?
24
In base 4, what is 1 + 1112?
1113
In base 7, what is 3 + 11633?
11636
In base 10, what is -8 - 21?
-29
In base 5, what is 4 - -40442?
41001
In base 11, what is 793 + -7?
787
In base 6, what is -2 + -3201?
-3203
In base 15, what is 903 - -3?
906
In base 9, what is -1000 - 11?
-1011
In base 9, what is -3 - 86?
-100
In base 6, what is -204 + 3?
-201
In base 7, what is -3 - -144?
141
In base 10, what is 227 + -3?
224
In base 8, what is 2 - -25?
27
In base 9, what is -5 - -11867?
11862
In base 10, what is 215 + 19?
234
In base 11, what is 733 + -4?
72a
In base 14, what is 1 + 4a3?
4a4
In base 13, what is -5 - -4?
-1
In base 16, what is -4 + 12f6?
12f2
In base 12, what is -2 - -18a8?
18a6
In base 2, what is -101101 - -100?
-101001
In base 10, what is -352 + -2?
-354
In base 9, what is -14 - 177?
-202
In base 11, what is -397 - 4?
-3a0
In base 13, what is -3 - 323?
-326
In base 4, what is 2000 - 12?
1322
In base 16, what is -3 - e81?
-e84
In base 15, what is 452 - 0?
452
In base 10, what is 6 - 3?
3
In base 15, what is -5a - -4?
-56
In base 8, what is -3 + 102?
77
In base 16, what is 4 + -81?
-7d
In base 10, what is 567 + 5?
572
In base 16, what is 1 + -4bc?
-4bb
In base 9, what is 1 - -7?
8
In base 3, what is 10121 - 11?
10110
In base 14, what is 1 - b4?
-b3
In base 10, what is -3 - -539?
536
In base 4, what is 10 + -112210?
-112200
In base 5, what is 4 + -10?
-1
In base 11, what is 0 - 571?
-571
In base 14, what is -7 - -7?
0
In base 2, what is 10000 - -11101111111?
11110001111
In base 5, what is 1 - 1042?
-1041
In base 11, what is 4a8 + -1?
4a7
In base 12, what is 1 + 18?
19
In base 13, what is 241 + -7?
237
In base 15, what is -9 + 8a?
81
In base 12, what is -a + 15?
7
In base 9, what is 2 + 14?
16
In base 6, what is 23 + -2321?
-2254
In base 10, what is 4 + -1372?
-1368
In base 6, what is -42 - 32?
-114
In base 16, what is -2 - a7